+ 6 = -4*a - 26, 2*a - 5 = g. Let c = g - f. Calculate the greatest common factor of c and 1.
1
Let g be (3 + -4 - -5)/((-16)/(-72)). Calculate the highest common factor of 738 and g.
18
Let q(n) = 4*n**2 - 25*n - 32. Let y be q(8). Calculate the highest common divisor of 138 and y.
6
Let h(c) = -260*c**3 + c**2 - 2*c + 2. Let g be h(1). Let w = g + 151. Let t be (w/90)/(3/(-10)). Calculate the highest common divisor of 2 and t.
2
Let g = -782 - -815. What is the highest common divisor of 121 and g?
11
Let j(b) = -b**3 + 7*b**2 + 5*b - 7. Let g be j(7). Let q = -57 - -55. Let o be ((-7)/(-2))/(4/(-16)*q). What is the greatest common divisor of g and o?
7
Let w(s) = -s**3 - 3*s**2 - 5*s - 2. Let m be w(-2). Let z be -2 - (-15)/6*m/1. What is the greatest common factor of 12 and z?
4
Let g be (17 - 11)/(1 - (-37)/(-39)). Suppose 13*h = -0*h + g. Calculate the greatest common factor of 9 and h.
9
Let f(v) be the second derivative of -v**5/20 + 3*v**4/2 - 5*v**3/2 - 3*v**2 + 4*v. Let u be f(17). Calculate the highest common factor of 28 and u.
28
Let d(p) = -p**3 + 1. Let a be d(-1). Suppose 6*q - 2*q - 5*c = 65, 0 = -3*c - 15. What is the highest common factor of q and a?
2
Let f(y) be the third derivative of 0*y + 5/12*y**4 + 0 - 1/3*y**3 - 1/60*y**5 - 3*y**2. Let t be f(8). Calculate the greatest common factor of t and 126.
14
Let d be (74 - (-10)/5) + 2. What is the highest common factor of 130 and d?
26
Suppose -4*k - 10 = -p + k, 3*k = 3*p - 18. Suppose -p*z = -823 - 527. Calculate the greatest common divisor of 27 and z.
27
Let o be -6 - (-538 - 10) - 7. What is the greatest common divisor of o and 5?
5
Let w(m) = 3*m + 76. Let b be w(-12). Calculate the highest common factor of b and 170.
10
Let h = -6 - -8. Let j = 94 - 52. Suppose 0*y + h*y = j. Calculate the greatest common factor of y and 3.
3
Suppose 5 = 4*w - 2*n - 117, -2*n = 2*w - 70. Let i be (4/(-3))/((-2)/72). What is the greatest common factor of w and i?
16
Suppose -8*p = 4*p + 84. Let u(h) = -h**2 - 9*h - 8. Let f be u(p). Calculate the greatest common factor of 24 and f.
6
Let z(t) = 68*t + 3 + 2 - 73*t. Let a be z(-6). Let f be 4/(-5)*(-105)/6. What is the greatest common factor of f and a?
7
Suppose 8*i - 75 - 37 = 0. What is the highest common factor of i and 322?
14
Let j(s) = 3*s + 23. Let n(h) = -h - 11. Let t(b) = -2*j(b) - 5*n(b). Let w be t(-5). Let y be 2 + (-1 + 1)*1. What is the greatest common divisor of y and w?
2
Let h be (-5 - (-112)/21)*54. What is the highest common divisor of 78 and h?
6
Let y = 506 - 316. What is the highest common divisor of y and 38?
38
Let t be 299 - (9/3 - -1). Suppose 5*d = 5*x + t, -4*x + 3*x - 4 = 0. Let o be ((-10)/(-8))/((-2)/(-8)). What is the highest common factor of d and o?
5
Suppose -16*v + 75 = -v. Calculate the greatest common factor of 85 and v.
5
Suppose h - 6*h = -180. Let c = 39 + -15. What is the highest common factor of h and c?
12
Let k = -934 + 976. Calculate the highest common divisor of 3 and k.
3
Let z(y) = -y**2 + 5*y. Let o be z(4). Let m be -3 + (-2 - 0 - (-39 + -2)). Calculate the highest common factor of o and m.
4
Let t(h) = 254*h - 2492. Let k be t(10). Suppose 3*r - 37 = -1. Calculate the greatest common divisor of k and r.
12
Suppose -7*b - 3 + 52 = 0. Calculate the greatest common factor of b and 224.
7
Let h = -26 - -12. Let a be h - (3 + -2 + -1). Let f be (15 + a)*(-20)/(-1). Calculate the highest common divisor of f and 20.
20
Let x = 3 + 30. Calculate the greatest common divisor of x and 2673.
33
Let n be (-162)/(-378) + 81/7. Calculate the highest common factor of n and 84.
12
Suppose 2*i = 6*i - 16. Suppose -2*q = -3*q - 1, i*q = -4*f + 36. Calculate the highest common divisor of 10 and f.
10
Suppose 86*o = 7097 + 2363. Calculate the highest common divisor of o and 70.
10
Suppose -13*o + 1155 = -821. Calculate the highest common divisor of o and 57.
19
Let l be 1 - 0 - (-1 - 22). Let v = -523 + 1198. Let h = v - 411. What is the greatest common factor of h and l?
24
Let i = -313 + 325. What is the highest common divisor of 16 and i?
4
Let r(p) = -3*p + 166. Let i be r(2). What is the highest common divisor of 220 and i?
20
Let k(c) = 2*c**2 + 22*c - 16. Let t = -88 - -75. Let q be k(t). What is the greatest common factor of 90 and q?
18
Let y(q) = 7*q - 77. Let o be y(-17). Let r = -91 - o. Calculate the highest common factor of 21 and r.
21
Let n = 1471 + -1456. Let v(j) = j**3 - 2*j**2 + 5*j - 4. Let l be v(3). What is the highest common factor of n and l?
5
Suppose c - 2*c = 3, -4*l + 3*c = -25. Suppose 0 = 5*f + 246 - 96. Let x be (2 - (-11)/2)*(-24)/f. Calculate the greatest common divisor of x and l.
2
Suppose -4*f + 17 = -15. Suppose -f = 3*o + 25. Let y = o + 19. Calculate the highest common factor of 88 and y.
8
Let s be (-52)/(-5) - (-6)/(-15). Suppose -50 - 6 = 2*y + 2*p, 2*p + 125 = -5*y. Let z = 53 + y. What is the greatest common factor of s and z?
10
Suppose x - 4*d = -21, 4*x + 15 = x - 4*d. Let g be 2/x - 330/(-27). What is the highest common factor of 6 and g?
6
Suppose -41 = 10*r - 181. What is the highest common factor of 238 and r?
14
Suppose 0 = 3*n - 2*z - 316, 2*z + 0*z - 308 = -3*n. Calculate the highest common factor of n and 65.
13
Let h = 44 - 20. Suppose -g - 2*i = -0*i - 8, 4*g = -4*i + h. Suppose w + 7 = 3*v + 2, -25 = -g*w - 3*v. Calculate the highest common factor of w and 16.
4
Let c(t) = -2*t**3 - 17*t**2 - 9*t + 6. Let f be c(-8). What is the greatest common factor of f and 77?
7
Suppose -315 = 3*r - 3*s + 6*s, -4*r + 2*s - 438 = 0. Let j = -84 - r. What is the greatest common factor of j and 108?
12
Let p = 5 + -2. Suppose p*a = -6*a + 90. What is the highest common factor of a and 2?
2
Suppose 3*t + 51 = 171. Let d = 3887 - 3879. What is the greatest common divisor of d and t?
8
Suppose 19*c + 1200 = 31*c. Calculate the greatest common divisor of c and 40.
20
Let c be (-97)/2*-4 + (-27 - -20). Suppose -112 = v - 3*v. Suppose -5*z = -29 - v. What is the greatest common divisor of c and z?
17
Let h(r) = -2*r - 1. Let t be h(-10). What is the greatest common divisor of t and 247?
19
Let g = -4 + 7. Suppose -2*r - 9 = 3*n, 0*r + g*r + 4*n + 11 = 0. Let v be (-53)/(-2) - (-2)/4. What is the highest common factor of r and v?
3
Let x be ((-14)/(-3))/(7/(511 - 7)). What is the highest common divisor of 80 and x?
16
Let d = -4 - -10. Let s = 70 + -26. Let i = -32 + s. Calculate the highest common factor of i and d.
6
Suppose 3 = -z + 5, 2*p = 5*z - 18. Let v be (-7 - (-2)/p)*16/(-10). What is the highest common factor of v and 24?
12
Let q(a) = -199*a**3 + 2*a**2 + 8*a + 7. Let x be q(-1). Calculate the highest common factor of x and 350.
50
Suppose k + 4*h - 404 = 0, -2*h - 3*h = 4*k - 1660. What is the highest common factor of k and 168?
84
Let a be -5*36/30 - -42. Let q = -27 + 135. What is the greatest common factor of a and q?
36
Suppose 18*v - 288 = 15*v. Let h(y) = -y + 3. Let a be h(0). Suppose -d + v = d + a*t, -t + 49 = d. What is the greatest common divisor of d and 34?
17
Let d(z) = z**2 + 15*z + 19. Let i be d(-14). Suppose i*j = 12 + 48. What is the greatest common factor of 132 and j?
12
Let g = -933 + 973. What is the highest common divisor of 130 and g?
10
Let n be ((-56)/(-4) + -3)/(2/(-4)). Let g be 62 + n - (-1 + -1). Calculate the highest common factor of g and 28.
14
Suppose 6*t = t + 110. Let y = t - 19. What is the greatest common factor of y and 3?
3
Let s = -11 - -25. Let w(g) be the third derivative of g**5/60 + g**4/12 - g**3/6 + 6*g**2. Let k be w(1). Calculate the highest common divisor of s and k.
2
Suppose 5*j - 4*p = 115 + 76, 4*j = 5*p + 151. Let r = 41 - j. Calculate the highest common factor of 14 and r.
2
Let u be -7 - -6 - -1*4. Let b be (-30)/(-9) + (u - (-10)/(-3)). Calculate the greatest common divisor of b and 3.
3
Let n(t) = 40*t - 415. Let r be n(13). Calculate the highest common divisor of r and 45.
15
Let z(k) be the first derivative of k**4/4 + 29*k**3/3 - 29*k**2/2 + 46*k - 4. Let u be z(-30). What is the highest common divisor of u and 320?
16
Suppose 0*r = -11*r + 1012. What is the greatest common divisor of r and 23?
23
Let k(g) = g**3 + 9*g**2 + 10*g + 7. Let x be k(-7). Let b(m) = m**2 + 8*m - 2. Let q be b(-9